{"id":7,"date":"2026-05-05T10:08:38","date_gmt":"2026-05-05T10:08:38","guid":{"rendered":"https:\/\/88i.wales\/?page_id=7"},"modified":"2026-05-06T05:46:52","modified_gmt":"2026-05-06T05:46:52","slug":"88i","status":"publish","type":"page","link":"https:\/\/88i.wales\/","title":{"rendered":"88I"},"content":{"rendered":"\n\t<section class=\"section\" id=\"section_1825634014\">\n\t\t<div class=\"section-bg fill\" >\n\t\t\t\t\t\t\t\t\t\n\t\t\t\n\n\t\t<\/div>\n\n\t\t\n\n\t\t<div class=\"section-content relative\">\n\t\t\t\n<div class=\"slider-wrapper relative\" id=\"slider-1585351484\" >\n    <div class=\"slider slider-nav-circle slider-nav-large slider-nav-light slider-style-normal\"\n        data-flickity-options='{\n            \"cellAlign\": \"center\",\n            \"imagesLoaded\": true,\n            \"lazyLoad\": 1,\n            \"freeScroll\": false,\n            \"wrapAround\": true,\n            \"autoPlay\": 6000,\n            \"pauseAutoPlayOnHover\" : true,\n            \"prevNextButtons\": true,\n            \"contain\" : true,\n            \"adaptiveHeight\" : true,\n            \"dragThreshold\" : 10,\n            \"percentPosition\": true,\n            \"pageDots\": true,\n            \"rightToLeft\": false,\n            \"draggable\": true,\n            \"selectedAttraction\": 0.1,\n            \"parallax\" : 0,\n            \"friction\": 0.6        }'\n        >\n        \n\t<div class=\"img has-hover x md-x lg-x y md-y lg-y\" id=\"image_1821099541\">\n\t\t\t\t\t\t\t\t<div class=\"img-inner dark\" >\n\t\t\t<img loading=\"lazy\" decoding=\"async\" width=\"1920\" height=\"800\" src=\"https:\/\/88i.wales\/wp-content\/uploads\/2026\/05\/banner-88i-1920x800px.jpg\" class=\"attachment-original size-original\" alt=\"\" srcset=\"https:\/\/88i.wales\/wp-content\/uploads\/2026\/05\/banner-88i-1920x800px.jpg 1920w, https:\/\/88i.wales\/wp-content\/uploads\/2026\/05\/banner-88i-1920x800px-300x125.jpg 300w, https:\/\/88i.wales\/wp-content\/uploads\/2026\/05\/banner-88i-1920x800px-1024x427.jpg 1024w, https:\/\/88i.wales\/wp-content\/uploads\/2026\/05\/banner-88i-1920x800px-768x320.jpg 768w, https:\/\/88i.wales\/wp-content\/uploads\/2026\/05\/banner-88i-1920x800px-1536x640.jpg 1536w\" sizes=\"auto, (max-width: 1920px) 100vw, 1920px\" \/>\t\t\t\t\t\t\n\t\t\t\t\t<\/div>\n\t\t\t\t\t\t\t\t\n<style>\n#image_1821099541 {\n  width: 100%;\n}\n<\/style>\n\t<\/div>\n\t\n     <\/div>\n\n     <div class=\"loading-spin dark large centered\"><\/div>\n\n\t<\/div>\n\n\n\t\t<\/div>\n\n\t\t\n<style>\n#section_1825634014 {\n  padding-top: 0px;\n  padding-bottom: 0px;\n}\n<\/style>\n\t<\/section>\n\t\n\n\t<section class=\"section\" id=\"section_1293816053\">\n\t\t<div class=\"section-bg fill\" >\n\t\t\t\t\t\t\t\t\t\n\t\t\t\n\n\t\t<\/div>\n\n\t\t\n\n\t\t<div class=\"section-content relative\">\n\t\t\t\n<div class=\"container section-title-container\" ><h1 class=\"section-title section-title-center\"><b><\/b><span class=\"section-title-main\" >88i nh\u00e0 c\u00e1i top \u0111\u1ea7u l\u0129nh v\u1ef1c c\u00e1 c\u01b0\u1ee3c online<\/span><b><\/b><\/h1><\/div>\n<blockquote>\n<p><em><b>88i<\/b>\u00a0\u0111ang tr\u1edf th\u00e0nh l\u1ef1a ch\u1ecdn n\u1ed5i b\u1eadt c\u1ee7a nhi\u1ec1u c\u01b0\u1ee3c th\u1ee7 ch\u00e2u \u00c1 nh\u1edd h\u1ec7 sinh th\u00e1i gi\u1ea3i tr\u00ed \u0111a d\u1ea1ng, b\u1ea3o m\u1eadt cao v\u00e0 giao d\u1ecbch nhanh ch\u00f3ng. Trong b\u1ed1i c\u1ea3nh th\u1ecb tr\u01b0\u1eddng c\u00e1 c\u01b0\u1ee3c tr\u1ef1c tuy\u1ebfn ph\u00e1t tri\u1ec3n m\u1ea1nh, vi\u1ec7c ch\u1ecdn \u0111\u00fang nh\u00e0 c\u00e1i uy t\u00edn l\u00e0 y\u1ebfu t\u1ed1 quy\u1ebft \u0111\u1ecbnh tr\u1ea3i nghi\u1ec7m. B\u00e0i vi\u1ebft d\u01b0\u1edbi \u0111\u00e2y s\u1ebd gi\u00fap b\u1ea1n hi\u1ec3u r\u00f5 \u01b0u \u0111i\u1ec3m, s\u1ea3n ph\u1ea9m v\u00e0 c\u00e1ch tham gia hi\u1ec7u qu\u1ea3.<\/em><\/p>\n<\/blockquote>\n\t\t<\/div>\n\n\t\t\n<style>\n#section_1293816053 {\n  padding-top: 30px;\n  padding-bottom: 30px;\n}\n<\/style>\n\t<\/section>\n\t\n","protected":false},"excerpt":{"rendered":"","protected":false},"author":1,"featured_media":0,"parent":0,"menu_order":0,"comment_status":"closed","ping_status":"closed","template":"page-blank.php","meta":{"footnotes":""},"class_list":["post-7","page","type-page","status-publish","hentry"],"_links":{"self":[{"href":"https:\/\/88i.wales\/index.php?rest_route=\/wp\/v2\/pages\/7","targetHints":{"allow":["GET"]}}],"collection":[{"href":"https:\/\/88i.wales\/index.php?rest_route=\/wp\/v2\/pages"}],"about":[{"href":"https:\/\/88i.wales\/index.php?rest_route=\/wp\/v2\/types\/page"}],"author":[{"embeddable":true,"href":"https:\/\/88i.wales\/index.php?rest_route=\/wp\/v2\/users\/1"}],"replies":[{"embeddable":true,"href":"https:\/\/88i.wales\/index.php?rest_route=%2Fwp%2Fv2%2Fcomments&post=7"}],"version-history":[{"count":4,"href":"https:\/\/88i.wales\/index.php?rest_route=\/wp\/v2\/pages\/7\/revisions"}],"predecessor-version":[{"id":50,"href":"https:\/\/88i.wales\/index.php?rest_route=\/wp\/v2\/pages\/7\/revisions\/50"}],"wp:attachment":[{"href":"https:\/\/88i.wales\/index.php?rest_route=%2Fwp%2Fv2%2Fmedia&parent=7"}],"curies":[{"name":"wp","href":"https:\/\/api.w.org\/{rel}","templated":true}]}}